What is the value of (4 - (0 + 4)) + -70 - (107 + -114)?
-63
-41 + (27 - (167 - 151))
-30
Calculate -3 + 55 - (211 - 173).
14
What is the value of 124 + -107 - (4 - (2 - 1))?
14
What is 47 - (-3016 - -3021 - (-2 + 21 + 0))?
61
What is the value of -2 + 18 + -39 - -76?
53
What is -14 + -162 + 167 + (1 - 2) + -7?
-17
-19 + (-45 - (-4 + 3)) + 14
-49
Evaluate -10 + -2 - (1 - 0) - (8804 + -8836).
19
What is the value of 15 - (-53 + 35 - 31)?
64
What is -19 + -13 + (12 - 0) + 8 + 16?
4
What is the value of -27 - -18 - -3 - (0 - (-2 - 3)) - -111?
100
(72 + 53 - 41) + 9 + -38
55
Evaluate -505 + 564 + 0 + -15 + 3.
47
Calculate -2 + 5 - (0 + 69 - 43).
-23
Evaluate (19 - 3) + (197 - (182 - -106)).
-75
(-5 - (-7 + 12) - (-18 - 12)) + 14 + -15
19
What is -400 + 365 + -16 + 6 + 2?
-43
What is -67 + 3 + -1536 + 1665?
65
Calculate (5 - (11 + -3)) + 3 + (9 - 12) + 2.
-1
Calculate 18 + (-21 - (-4 - (6 - 0))) - -10.
17
What is -20 + 6 + (9 - (8 + (-3 - -12) - 10))?
-12
((7 - -7 - 7) + 2 - -32) + -3
38
Calculate 4 - -2 - -22 - (10 - 2 - (-75 + 74)).
19
What is -80 + 63 + (39 - 3) - (-9 - (9 - 6))?
31
Calculate 17 - (-4 - (0 - -6 - -1 - (22 + -13))).
19
-10 - ((-14 - -4) + 14 + -1 + 4 + -5)
-12
Evaluate -272 + -147 + 385 - (28 - -1).
-63
-75 + -96 + 130 + 31
-10
Calculate (-3 - -4) + 9 + (-1 - (9 + 0)).
0
Evaluate 10 - (13 + -57 - -93).
-39
What is the value of (2 - -27) + -4 - (233 - 165)?
-43
Calculate -70 + 69 - (83 - 49).
-35
0 - (38 + -9 + 1)
-30
Calculate (-4 - 5) + 41 + (54 - 77).
9
What is 10 - (35 + (-16 - -5)) - (3 - 4)?
-13
What is the value of -80 + 70 + -89 + 77?
-22
Evaluate -37 + -20 + (40 - -15).
-2
8 + -13 - (-54 - (-8 + 14 + -10 + 10))
55
Calculate -14 + -9 + 19 - (-1 + -82 - (-76 + 79)).
82
What is the value of 9 + -9 - -22 - 76 - 22?
-76
What is (23 - (-16 - -3 - -9)) + 38?
65
What is 7 + -1 + ((4 - 25) + 13 - 23)?
-25
10 - (83 + -69 + 57)
-61
What is the value of 106 - (35 + -33 + -25 + 51)?
78
Evaluate (1 - (1 + 1 + -2)) + 500 + -454.
47
12 - (3 + -12 - (-29 + 52 + -106)) - 0
-62
What is -3 - (15 + 1) - 0 - 31?
-50
What is the value of 4 - (-183 + -73 + 235)?
25
Calculate (2 - 11 - (-16 - -29)) + 7 - -3 - 8.
-20
What is the value of -50 - (-77 + 38 - 8) - (-3 - -2 - -55)?
-57
What is 0 + (-20 - -1) - (-7 - (-33 - -22 - -12))?
-11
(221 - 208) + -3 + 1 + -14 + -12
-15
What is the value of 7 + -33 - -12 - (-24 + 16 + 39)?
-45
-21 + (-7 - 13) + 35 - -54 - (1 - -9)
38
(-37 - -31) + 5 - -3
2
18 + (-29 - -2) + 20 + 63
74
What is 1 + (-11 + 12 - (-36 - -68))?
-30
What is the value of 35 - (-27 - (-72 + 49))?
39
-30 + (15 - (6 - (5 - 41)))
-57
What is -5 + 16 + -84 + 28 + (-2 - 16)?
-63
What is the value of -1 + 0 - (-19 - (-51 - -21)) - 28?
-40
Evaluate (-12 + -2 + 3 - -4 - 15) + -66.
-88
Calculate -30 - (-40 - -23) - -1 - (2 + -4).
-10
Evaluate -2 + -4 + -13 + (-8 - (-12 + -5)).
-10
What is the value of 110 - 202 - (-1 + -8) - (5 + (-6 - 0))?
-82
What is 13 - (63 + 4 + -2 + 6)?
-58
Evaluate -11 - (-4 - 5 - 3 - ((-116 - -25) + 14)).
-76
Calculate (-31 - -8) + -5 - (-44 - (15 - 42)).
-11
What is 6 + -2 + -48 + 55 + -6 + (2 - 39)?
-32
-44 + 9 + -2 - (-2 + (14 - 22))
-27
Evaluate (-92 - (-69 - -31)) + 17 + -35.
-72
What is the value of 8 + (-22 + 17 - -5) - -25?
33
Calculate -46 + (-59 - (13 + -129)).
11
Calculate -7 + (1 - -4 - ((-163 - -101) + (-6 - 0))).
66
What is 99 - ((-253 + 252 - (-3 + 1)) + -1)?
99
What is -1 + (6 - 1) - (149 + -123 - (1 - -98))?
77
Calculate (-6 - 47) + -1156 + 1199.
-10
What is (-1 - -1 - 18) + -654 + 663?
-9
What is (-110 - -137) + (-6 + 0 - (1 + -1))?
21
Evaluate 4 + 0 + (5038 - 5076).
-34
Calculate 10 - (17 + -6) - (-99 - -120).
-22
What is the value of 0 + 9 + 13 + -152 + 146?
16
What is (56 - 123 - -154) + -41?
46
Evaluate 14 + -75 + 20 + (-98 - -76).
-63
Calculate -118 + 99 + 116 + -55.
42
(-7 - -13) + (35 - (-3 + 13))
31
What is the value of 2 + -13 - -22 - (-150 - -124)?
37
What is 27 - ((39 - -78) + -47 + 18)?
-61
What is the value of 7 + (-25 + 20 - (-49 - -33)) + (0 - -72)?
90
Calculate 8 + (-1723 + 1741 - (3 - (-3 - 109))).
-89
What is -2 - (0 + 11 + 29)?
-42
(-87 - -80) + 16 - (-1 + 1 - 86)
95
What is the value of 66 - (-3 - (-42 + 21 + 0))?
48
Evaluate (56 - 18) + 10 - -7.
55
What is the value of (-37 - (13 - 14 - -12)) + -5 - -8?
-45
Calculate -1 - (-3 + -2 + 3) - (-58 - 20 - -59).
20
Calculate (96 - (-2 + -4) - -6) + -77 + 74 - -11.
116
Evaluate (325 - 357) + (57 - 5) - -5.
25
Evaluate -78 - ((3 - -32) + (-434 - -421)).
-100
What is 3 + -52 - ((-15 - 6 - -30) + 3)?
-61
Evaluate (6 - (5 - 3)) + -2 + 5 + -58 + 7.
-44
What is the value of (-92 - 7) + (18 - 19) + 15?
-85
What is 5 + (0 + 2 - -91) + (1104 - 1112)?
90
What is (21 - ((-6 - -22) + 1)) + -44?
-40
Evaluate (-67 + 33 - -16) + 20 - -19.
21
(-4 - 79) + 229 + -184
-38
What is 49 + -2 - (274 + -238)?
11
2 - (50 + 3 + -11 + -5 + 0)
-35
(0 - -62) + 1 + -2 + (185 - 196)
50
Calculate 44 + 14 - (6 - ((2 - -6) + -1)).
59
What is -2 + (-10 - -11) + 46 + -16?
29
What is the value of 432 + -419 + (-19 - -4 - 3)?
-5
Evaluate 2 + 5 + (16 - 17) - 68 - -17.
-45
Calculate 56 - (-113 - (3 - 19)).
153
What is -54 + (-7 - (2 + -1 - (5 + 23 + -30)))?
-64
What is the value of (9 - -1) + (6 - (11 - (29 - 11 - 11)))?
12
(20 - (26 + -7)) + 37 + -31
7
3 + (-15 - -6) + (114 - 119 - (-1 - 1))
-9
-1 + (-1 - -1) + 3 + -6 + -1995 + 1998
-1
What is -14 - (-19 - (-23 - -17) - 3)?
2
Calculate -14 + (-14 + (56 - 5) + 9 - -3).
35
-72 + (93 - 46 - 61) + (19 - -1)
-66
What is the value of (3 + -15 - -1) + (1225 - 1211)?
3
105 + -99 + (-2 - (-2 - 30))
36
What is 28 + -10 + -21 + (-6 - (2 - 31))?
20
What is 7 - -3 - (52 - (-14 + -7 + (-13 - -17)))?
-59
Evaluate -4263 + 4224 + 119 + -2.
78
What is the value of -42 + 47 - (48 + -49)?
6
-13 + 3 - (8 - (18 - 7))
-7
Evaluate (-498 - -462) + (-1 - -18) + 2 + 3 + 9.
-5
Calculate -85 + (9 - -20) + 24.
-32
What is the value of 37 + -105 - (-5 - (-2 - (-13 + 9)))?
-61
What is 37 + 1 + 238 + -262 + -82?
-68
What is the value of 0 + (-25 - 3) + 1 - (-3 - -11) - 13?
-48
(-9 - -36) + (-62 - (-31 - -13))
-17
Calculate (6 - 77) + (-529 - -675).
75
What is the value of -43 - (23 + 20 + -61) - 31?
-56
(-3 - -29) + -8 - 21 - (0 + 32)
-35
What is the value of (-205 - (-148 + 46)) + 104?
1
What is -76 - 0 - (-44 - -59 - (-5 + 12 + 20))?
-64
What is (22 + -4 - (7 - 2)) + (1 - -4)?
18
What is (-13 - (85 - 37)) + 45?
-16
-72 - (14 - (16 + -11))
-81
16 - (-15 + -13) - (14 - (-4 + 5))
31
87 - (2 + (46 - -4))
35
Evaluate 6 + (13 - (-11 + 51)).
-21
What is ((10 - 13) + 4 - 61) + -9 - 5?
-74
What is the value of 54 + (57 - 33) + (-4 + (5 - 13) - 1)?
65
-20 + (0 - 1) + (-2455 - -2499)
23
What is -32 + (26 - 36) + ((7 - 20) + 8 - -7)?
-40
Evaluate 0 - (-1 + (14 - (19 - 19))).
-13
(7 - (8 + 6 - -8)) + (4 - 7)
-18
What is -11 + 71 + -11 + -13 + 7 + (9 - 5)?
47
Calculate (13 + -1 - -2) + (-2533 - -2596).
77
(1 - (2 - (10 - 3 - 3))) + (-19 - -68)
52
-191 + 193 + (12 - 7) + 16 + -1 + 3
25
Evaluate 14 + -12 + -5 + 59 + -6 - 9.
41
What is the value of 6 + (3 + -6 - 3 - (-9 - (-11 + -11)))?
-13
What is 14 + (14 - ((6 - (-4 - 3)) + -90 + 4))?
101
What is -3 - (-89 - (4 - 47))?
43
What is (-2 - (-1 - -4)) + -3 - (66 - (-65 - -138))?
-1
Calculate 1 - -2 - ((4 - -19 - (7 + -4)) + -20).
3
-2 - (5 + 4 + -38) - (-4 - (-4 + 7))
34
(17 - (-6 + 26 + -14)) + -61
-50
-22 + (39 - -13) + (-20 - 4)
6
Evaluate (-29 - -15 - 23) + 2 + -5 + 1 + 1.
-38
Evaluate (-111 - -77) + 66 + (-1 - 9).
22
What is 2 + -3 + -17 + (17 - 9) - 1?
-11
Calculate (-12 - (46 - 57 - (-11 + 3)) - 2) + 79.
68
Calculate 0 - 63 - (-12 + 8 + -20 - -29).
-68
Evaluate -272 + 264 + -81 + -18.
-107
-61 - (-11 - -4 - (-9 + 2 + (-20 - -27)))
-54
What is the value of 80 - (230 - 76 - 72)?
-2
Calculate (19 - (3 + 0 + -14 + 15 + 5)) + -61.
-51
What is 29 - ((-13 - -6) + -3 - (7 + -21))?
25
Evaluate 23 + 81 + (-68 - -23).
59
What is the value of -169 + 206 + (36 - 137)?
-64
What is the value of 25 + (-1 - 20) + -16 + -53?
-65
Calculate -7 + 48 + -32 + 6.
15
What is the value of -4 + -34 + 54 + 0 + -26 + 10?
0
Calculate -50 + (68 - 32) - -15.
1
-73 + 199 + -92 + 30
64
1 - 80 - (91 + -148)
-22
Evaluate -4574 + 4721 + (-174 - -2).
-25
What is the value of 269 - 241 - (64 - 17) - (0 - 20)?
1
What is the value of 99 + -107 + (-10 - -46) +